{"id":1222,"date":"2023-10-17T18:00:54","date_gmt":"2023-10-17T18:00:54","guid":{"rendered":"https:\/\/metrilab.co\/home\/?page_id=1222"},"modified":"2025-05-05T19:41:08","modified_gmt":"2025-05-05T19:41:08","slug":"acreditacion","status":"publish","type":"page","link":"https:\/\/metrilab.co\/home\/acreditacion\/","title":{"rendered":"ACREDITACI\u00d3N"},"content":{"rendered":"\n<div class=\"wp-block-group alignfull is-layout-constrained wp-block-group-is-layout-constrained\" style=\"padding-top:50px;padding-bottom:50px\">\n<div class=\"wp-block-columns alignwide is-layout-flex wp-container-core-columns-is-layout-43134f08 wp-block-columns-is-layout-flex\">\n<div class=\"wp-block-column is-layout-flow wp-block-column-is-layout-flow\" style=\"padding-right:var(--wp--preset--spacing--30);padding-left:var(--wp--preset--spacing--30)\">\n<div class=\"wp-block-group is-layout-constrained wp-block-group-is-layout-constrained\">\n<figure class=\"wp-block-image size-full is-resized\"><img loading=\"lazy\" decoding=\"async\" width=\"513\" height=\"442\" src=\"https:\/\/metrilab.co\/home\/wp-content\/uploads\/2023\/10\/C12.jpg\" alt=\"\" class=\"wp-image-1470\" style=\"aspect-ratio:1.158371040723982;width:508px;height:auto\" srcset=\"https:\/\/metrilab.co\/home\/wp-content\/uploads\/2023\/10\/C12.jpg 513w, https:\/\/metrilab.co\/home\/wp-content\/uploads\/2023\/10\/C12-300x258.jpg 300w\" sizes=\"auto, (max-width: 513px) 100vw, 513px\" \/><\/figure>\n<\/div>\n\n\n\n<div class=\"wp-block-group is-layout-constrained wp-container-core-group-is-layout-334a2726 wp-block-group-is-layout-constrained\">\n<div class=\"wp-block-group is-layout-constrained wp-container-core-group-is-layout-19e250f3 wp-block-group-is-layout-constrained\">\n<div class=\"wp-block-group is-nowrap is-layout-flex wp-container-core-group-is-layout-6c531013 wp-block-group-is-layout-flex\">\n<div class=\"wp-block-group is-nowrap is-layout-flex wp-container-core-group-is-layout-c0d5ccf6 wp-block-group-is-layout-flex\">\n<p class=\"has-vivid-cyan-blue-color has-text-color has-montserrat-font-family has-large-font-size\" style=\"font-style:normal;font-weight:700\">ACREDITACI\u00d3N<\/p>\n<\/div>\n<\/div>\n\n\n\n<h2 class=\"wp-block-heading has-montserrat-font-family has-large-font-size\" style=\"font-style:normal;font-weight:700\">&nbsp;21-LAB-005<\/h2>\n<\/div>\n\n\n\n<p class=\"has-montserrat-font-family has-medium-font-size\">En Metrilab Ltda. contamos con acreditaci\u00f3n ONAC, vigente a la fecha, con c\u00f3digo&nbsp; 21-LAB-005 , bajo la norma ISO\/ IEC 17025:2017&#8230;<\/p>\n\n\n\n<p class=\"has-montserrat-font-family has-medium-font-size\"><\/p>\n\n\n\n<div class=\"wp-block-buttons is-layout-flex wp-block-buttons-is-layout-flex\">\n<div class=\"wp-block-button\"><a class=\"wp-block-button__link has-vivid-cyan-blue-background-color has-background wp-element-button\" href=\"https:\/\/onac.org.co\/directorio3\/index.php\/acreditaciones\/21-LAB-005\">Certificado de Acreditaci\u00f3n <\/a><\/div>\n<\/div>\n<\/div>\n<\/div>\n\n\n\n<div class=\"wp-block-column is-vertically-aligned-bottom is-layout-flow wp-block-column-is-layout-flow\" style=\"padding-top:100px;padding-right:var(--wp--preset--spacing--30);padding-left:var(--wp--preset--spacing--30)\">\n<div class=\"wp-block-group is-layout-constrained wp-container-core-group-is-layout-334a2726 wp-block-group-is-layout-constrained\">\n<div class=\"wp-block-group is-layout-constrained wp-container-core-group-is-layout-19e250f3 wp-block-group-is-layout-constrained\">\n<div class=\"wp-block-group is-nowrap is-layout-flex wp-container-core-group-is-layout-6c531013 wp-block-group-is-layout-flex\">\n<div class=\"wp-block-group is-nowrap is-layout-flex wp-container-core-group-is-layout-c0d5ccf6 wp-block-group-is-layout-flex\">\n<p class=\"has-foreground-color has-text-color has-montserrat-font-family has-large-font-size\" style=\"font-style:normal;font-weight:700\"><strong>ACREDITACI\u00d3N<\/strong>&nbsp;&nbsp;<\/p>\n<\/div>\n<\/div>\n\n\n\n<h2 class=\"wp-block-heading has-text-align-left has-vivid-cyan-blue-color has-text-color has-montserrat-font-family has-large-font-size\" style=\"font-style:normal;font-weight:700\"><strong>11-LAC-052<\/strong><\/h2>\n<\/div>\n\n\n\n<p class=\"has-montserrat-font-family has-medium-font-size\">En Metrilab Ltda. contamos con&nbsp; acreditaci\u00f3n ONAC, vigente a la fecha, con c\u00f3digo&nbsp;&nbsp;<strong>11-LAC-052<\/strong>&nbsp;bajo la norma ISO\/ IEC 17025:2017&#8230;<\/p>\n\n\n\n<p class=\"has-montserrat-font-family has-medium-font-size\"><\/p>\n\n\n\n<div class=\"wp-block-buttons is-layout-flex wp-block-buttons-is-layout-flex\">\n<div class=\"wp-block-button\"><a class=\"wp-block-button__link has-vivid-cyan-blue-background-color has-background wp-element-button\" href=\"https:\/\/onac.org.co\/directorio3\/index.php\/acreditaciones\/11-LAC-052\">Certificado de Acreditaci\u00f3n<\/a><\/div>\n<\/div>\n<\/div>\n\n\n\n<div class=\"wp-block-group is-layout-constrained wp-block-group-is-layout-constrained\">\n<figure class=\"wp-block-gallery has-nested-images columns-default is-cropped wp-block-gallery-1 is-layout-flex wp-block-gallery-is-layout-flex\">\n<figure class=\"wp-block-image size-full is-resized is-style-default\"><img loading=\"lazy\" decoding=\"async\" width=\"513\" height=\"442\" data-id=\"1473\" src=\"https:\/\/metrilab.co\/home\/wp-content\/uploads\/2023\/10\/C32.jpg\" alt=\"\" class=\"wp-image-1473\" srcset=\"https:\/\/metrilab.co\/home\/wp-content\/uploads\/2023\/10\/C32.jpg 513w, https:\/\/metrilab.co\/home\/wp-content\/uploads\/2023\/10\/C32-300x258.jpg 300w\" sizes=\"auto, (max-width: 513px) 100vw, 513px\" \/><\/figure>\n<\/figure>\n<\/div>\n<\/div>\n<\/div>\n<\/div>\n\n\n\n<p><\/p>\n","protected":false},"excerpt":{"rendered":"<p>ACREDITACI\u00d3N &nbsp;21-LAB-005 En Metrilab Ltda. contamos con acreditaci\u00f3n ONAC, vigente a la fecha, con c\u00f3digo&nbsp; 21-LAB-005 , bajo la norma ISO\/ IEC 17025:2017&#8230; ACREDITACI\u00d3N&nbsp;&nbsp; 11-LAC-052&hellip;<\/p>\n","protected":false},"author":2,"featured_media":0,"parent":0,"menu_order":0,"comment_status":"closed","ping_status":"closed","template":"template-pagebuilder.php","meta":{"_themeisle_gutenberg_block_has_review":false,"footnotes":""},"class_list":["post-1222","page","type-page","status-publish","hentry"],"_links":{"self":[{"href":"https:\/\/metrilab.co\/home\/wp-json\/wp\/v2\/pages\/1222","targetHints":{"allow":["GET"]}}],"collection":[{"href":"https:\/\/metrilab.co\/home\/wp-json\/wp\/v2\/pages"}],"about":[{"href":"https:\/\/metrilab.co\/home\/wp-json\/wp\/v2\/types\/page"}],"author":[{"embeddable":true,"href":"https:\/\/metrilab.co\/home\/wp-json\/wp\/v2\/users\/2"}],"replies":[{"embeddable":true,"href":"https:\/\/metrilab.co\/home\/wp-json\/wp\/v2\/comments?post=1222"}],"version-history":[{"count":22,"href":"https:\/\/metrilab.co\/home\/wp-json\/wp\/v2\/pages\/1222\/revisions"}],"predecessor-version":[{"id":1947,"href":"https:\/\/metrilab.co\/home\/wp-json\/wp\/v2\/pages\/1222\/revisions\/1947"}],"wp:attachment":[{"href":"https:\/\/metrilab.co\/home\/wp-json\/wp\/v2\/media?parent=1222"}],"curies":[{"name":"wp","href":"https:\/\/api.w.org\/{rel}","templated":true}]}}