{"id":1700,"date":"2023-10-20T16:12:48","date_gmt":"2023-10-20T16:12:48","guid":{"rendered":"https:\/\/metrilab.co\/home\/?page_id=1700"},"modified":"2023-10-20T16:13:37","modified_gmt":"2023-10-20T16:13:37","slug":"espectrofotometria-2","status":"publish","type":"page","link":"https:\/\/metrilab.co\/home\/espectrofotometria-2\/","title":{"rendered":"Espectrofotometr\u00eda"},"content":{"rendered":"\n<div class=\"wp-block-group has-border-background-color has-background is-layout-constrained wp-container-core-group-is-layout-76ec704c wp-block-group-is-layout-constrained\" style=\"border-width:3px;border-radius:14px;min-height:0px;padding-right:2rem;padding-bottom:2rem;padding-left:2rem\">\n<h3 class=\"wp-block-heading has-text-align-center has-large-font-size\" style=\"margin-top:0;margin-right:0;margin-bottom:0;margin-left:0;padding-bottom:1.5rem\"><strong><strong>Espectrofotometr\u00eda<\/strong><\/strong><\/h3>\n\n\n\n<figure class=\"wp-block-table\"><table><tbody><tr><td colspan=\"4\">Espectrofot\u00f3metro UV Vis ABE 1nm, 2 nm, 4 nm y 5 nm longitud de onda (\u03bb)<\/td><\/tr><tr><td>Espectrofotometr\u00eda<\/td><td>241,00 nm \u2264 Vm \u2264 638,05 nm<\/td><td>0,13 nm<\/td><td>Gu\u00eda T\u00e9cnica de Trazabilidad e Incertidumbre en los Servicios de Calibraci\u00f3n de Espectrofot\u00f3metros UV-Vis CENAM Abril de 2014<\/td><\/tr><tr><td colspan=\"4\">Espectrofot\u00f3metro UV Vis ABE 1nm, 2 nm, 4 nm y 5 nm longitud de onda (\u03bb)<\/td><\/tr><tr><td>Espectrofotometr\u00eda<\/td><td>431,10 nm \u2264 Vm \u2264 880,03 nm<\/td><td>0,08 nm<\/td><td>Gu\u00eda T\u00e9cnica de Trazabilidad e Incertidumbre en los Servicios de Calibraci\u00f3n de Espectrofot\u00f3metros UV-Vis CENAM Abril de 2014<\/td><\/tr><tr><td colspan=\"4\">Espectrofot\u00f3metro Vis Espectrofot\u00f3metro UV Vis Color\u00edmetro Fot\u00f3metros escala fotom\u00e9trica (%T)<\/td><\/tr><tr><td>Espectrofotometr\u00eda<\/td><td>0,50 %T \u2264 Vm \u2264 92,066 %T<\/td><td>0,019 %T<\/td><td>Gu\u00eda T\u00e9cnica de Trazabilidad e Incertidumbre en los Servicios de Calibraci\u00f3n de Espectrofot\u00f3metros UV-Vis CENAM Abril de 2014<\/td><\/tr><tr><td colspan=\"4\">Espectrofot\u00f3metro Vis Espectrofot\u00f3metro UV Vis Color\u00edmetro Fot\u00f3metros Lector de placas Elisa escala fotom\u00e9trica (a)<\/td><\/tr><tr><td>Espectrofotometr\u00eda<\/td><td>0,0360 \u2264 Vm \u2264 2,3021<\/td><td>0,0009<\/td><td>Gu\u00eda T\u00e9cnica de Trazabilidad e Incertidumbre en los Servicios de Calibraci\u00f3n de Espectrofot\u00f3metros UV-Vis CENAM Abril de 2014<\/td><\/tr><\/tbody><\/table><\/figure>\n<\/div>\n","protected":false},"excerpt":{"rendered":"<p>Espectrofotometr\u00eda Espectrofot\u00f3metro UV Vis ABE 1nm, 2 nm, 4 nm y 5 nm longitud de onda (\u03bb) Espectrofotometr\u00eda 241,00 nm \u2264 Vm \u2264 638,05 nm&hellip;<\/p>\n","protected":false},"author":1,"featured_media":1706,"parent":0,"menu_order":0,"comment_status":"closed","ping_status":"closed","template":"","meta":{"_themeisle_gutenberg_block_has_review":false,"footnotes":""},"class_list":["post-1700","page","type-page","status-publish","has-post-thumbnail","hentry"],"_links":{"self":[{"href":"https:\/\/metrilab.co\/home\/wp-json\/wp\/v2\/pages\/1700","targetHints":{"allow":["GET"]}}],"collection":[{"href":"https:\/\/metrilab.co\/home\/wp-json\/wp\/v2\/pages"}],"about":[{"href":"https:\/\/metrilab.co\/home\/wp-json\/wp\/v2\/types\/page"}],"author":[{"embeddable":true,"href":"https:\/\/metrilab.co\/home\/wp-json\/wp\/v2\/users\/1"}],"replies":[{"embeddable":true,"href":"https:\/\/metrilab.co\/home\/wp-json\/wp\/v2\/comments?post=1700"}],"version-history":[{"count":2,"href":"https:\/\/metrilab.co\/home\/wp-json\/wp\/v2\/pages\/1700\/revisions"}],"predecessor-version":[{"id":1710,"href":"https:\/\/metrilab.co\/home\/wp-json\/wp\/v2\/pages\/1700\/revisions\/1710"}],"wp:featuredmedia":[{"embeddable":true,"href":"https:\/\/metrilab.co\/home\/wp-json\/wp\/v2\/media\/1706"}],"wp:attachment":[{"href":"https:\/\/metrilab.co\/home\/wp-json\/wp\/v2\/media?parent=1700"}],"curies":[{"name":"wp","href":"https:\/\/api.w.org\/{rel}","templated":true}]}}

Espectrofotometría

<div class="wp-block-group has-border-background-color has-background is-layout-constrained wp-container-core-group-is-layout-76ec704c wp-block-group-is-layout-constrained" style="border-width:3px;border-radius:14px;min-height:0px;padding-right:2rem;padding-bottom:2rem;padding-left:2rem">
<h3 class="wp-block-heading has-text-align-center has-large-font-size" style="margin-top:0;margin-right:0;margin-bottom:0;margin-left:0;padding-bottom:1.5rem"><strong><strong>Espectrofotometría</strong></strong></h3>



<figure class="wp-block-table"><table><tbody><tr><td colspan="4">Espectrofotómetro UV Vis ABE 1nm, 2 nm, 4 nm y 5 nm longitud de onda (λ)</td></tr><tr><td>Espectrofotometría</td><td>241,00 nm ≤ Vm ≤ 638,05 nm</td><td>0,13 nm</td><td>Guía Técnica de Trazabilidad e Incertidumbre en los Servicios de Calibración de Espectrofotómetros UV-Vis CENAM Abril de 2014</td></tr><tr><td colspan="4">Espectrofotómetro UV Vis ABE 1nm, 2 nm, 4 nm y 5 nm longitud de onda (λ)</td></tr><tr><td>Espectrofotometría</td><td>431,10 nm ≤ Vm ≤ 880,03 nm</td><td>0,08 nm</td><td>Guía Técnica de Trazabilidad e Incertidumbre en los Servicios de Calibración de Espectrofotómetros UV-Vis CENAM Abril de 2014</td></tr><tr><td colspan="4">Espectrofotómetro Vis Espectrofotómetro UV Vis Colorímetro Fotómetros escala fotométrica (%T)</td></tr><tr><td>Espectrofotometría</td><td>0,50 %T ≤ Vm ≤ 92,066 %T</td><td>0,019 %T</td><td>Guía Técnica de Trazabilidad e Incertidumbre en los Servicios de Calibración de Espectrofotómetros UV-Vis CENAM Abril de 2014</td></tr><tr><td colspan="4">Espectrofotómetro Vis Espectrofotómetro UV Vis Colorímetro Fotómetros Lector de placas Elisa escala fotométrica (a)</td></tr><tr><td>Espectrofotometría</td><td>0,0360 ≤ Vm ≤ 2,3021</td><td>0,0009</td><td>Guía Técnica de Trazabilidad e Incertidumbre en los Servicios de Calibración de Espectrofotómetros UV-Vis CENAM Abril de 2014</td></tr></tbody></table></figure>
</div>

<p>Espectrofotometría Espectrofotómetro UV Vis ABE 1nm, 2 nm, 4 nm y 5 nm longitud de onda (λ) Espectrofotometría 241,00 nm ≤ Vm ≤ 638,05 nm&hellip;</p>
