{"id":1712,"date":"2023-10-20T16:15:45","date_gmt":"2023-10-20T16:15:45","guid":{"rendered":"https:\/\/metrilab.co\/home\/?page_id=1712"},"modified":"2023-10-20T16:16:32","modified_gmt":"2023-10-20T16:16:32","slug":"colorimetria-2","status":"publish","type":"page","link":"https:\/\/metrilab.co\/home\/colorimetria-2\/","title":{"rendered":"Colorimetr\u00eda"},"content":{"rendered":"\n<div class=\"wp-block-group has-border-background-color has-background is-layout-constrained wp-container-core-group-is-layout-76ec704c wp-block-group-is-layout-constrained\" style=\"border-width:3px;border-radius:14px;min-height:0px;padding-right:2rem;padding-bottom:2rem;padding-left:2rem\">\n<h3 class=\"wp-block-heading has-text-align-center has-large-font-size\" style=\"margin-top:0;margin-right:0;margin-bottom:0;margin-left:0;padding-bottom:1.5rem\"><strong><strong><strong>Colorimetr\u00eda<\/strong><\/strong><\/strong><\/h3>\n\n\n\n<figure class=\"wp-block-table\"><table><tbody><tr><td colspan=\"4\">Espectrofot\u00f3metro para la<br>medici\u00f3n de luz visible, en<br>geometr\u00eda D\/8\u00b0, con componente<br>especular incluido y componente<br>especular excluido<\/td><\/tr><tr><td>Colorimetr\u00eda<\/td><td>400 nm<\/td><td>1,04 %\u03c1 (CEI, CEE)<\/td><td rowspan=\"8\">Gu\u00eda t\u00e9cnica de trazabilidad e<br>incertidumbre en los servicios de<br>calibraci\u00f3n de espectrocolor\u00edmetros<br>y color\u00edmetros CENAM junio de 2014<\/td><\/tr><tr><td>Colorimetr\u00eda<\/td><td>410 nm<\/td><td>0,56 %\u03c1 (CEI, CEE)<\/td><\/tr><tr><td>Colorimetr\u00eda<\/td><td>420 nm<\/td><td>0,57 %\u03c1 (CEI, CEE)<\/td><\/tr><tr><td>Colorimetr\u00eda<\/td><td>430 nm \u2264 Vm \u2264 450 nm<\/td><td>0,58 %\u03c1 (CEI, CEE)<\/td><\/tr><tr><td>Colorimetr\u00eda<\/td><td>460 nm<\/td><td>0,59 %\u03c1 (CEI, CEE)<\/td><\/tr><tr><td>Colorimetr\u00eda<\/td><td>470 nm \u2264 Vm \u2264 480 nm<\/td><td>0,4 %\u03c1 (CEI, CEE)<\/td><\/tr><tr><td>Colorimetr\u00eda<\/td><td>490 nm \u2264 Vm \u2264 550 nm<\/td><td>0,41 %\u03c1 (CEI, CEE)<\/td><\/tr><tr><td>Colorimetr\u00eda<\/td><td>560 nm \u2264 Vm \u2264 700 nm<\/td><td>0,42 %\u03c1 (CEI, CEE)<\/td><\/tr><tr><td colspan=\"4\">Color\u00edmetros D\/0\u00b0,<br>Espectrofot\u00f3metros D\/8\u00b0<br>Observador 2\u00b0 y 10\u00b0 CEI y CEE,<br>iluminante D50, D65, A y C<\/td><\/tr><tr><td>Colorimetr\u00eda<\/td><td>CIE L* : 45,5 \u2264 Vm \u2264 83,2<\/td><td>0,15<\/td><td rowspan=\"3\">Gu\u00eda T\u00e9cnica de Trazabilidad e<br>Incertidumbre en los servicios de<br>Calibraci\u00f3n de Espectrocolorimetros<br>y Color\u00edmetros<br>CENAM Junio 2014<\/td><\/tr><tr><td>Colorimetr\u00eda<\/td><td>CIE a* : -26,5 \u2264 Vm \u2264 45,5<\/td><td>0,10<\/td><\/tr><tr><td>Colorimetr\u00eda<\/td><td>CIE b* : -39,1 \u2264 Vm \u2264 72,4<\/td><td>0,10<\/td><\/tr><tr><td colspan=\"4\">Color\u00edmetros D\/0\u00b0,<br>Espectrofot\u00f3metros D\/8\u00b0<br>Observador 10\u00b0 CEI y<br>iluminante D65<\/td><\/tr><tr><td>Colorimetr\u00eda<\/td><td>CIE L* : 81,34 \u2264 Vm \u2264 84,09<\/td><td>0,15<\/td><td rowspan=\"3\">Gu\u00eda T\u00e9cnica de Trazabilidad e<br>Incertidumbre en los servicios de<br>Calibraci\u00f3n de Espectrocolorimetros<br>y Color\u00edmetros<br>CENAM Junio 2014<\/td><\/tr><tr><td>Colorimetr\u00eda<\/td><td>CIE a* : -0,34 \u2264 Vm \u2264 1,48<\/td><td>0,10<\/td><\/tr><tr><td>Colorimetr\u00eda<\/td><td>CIE b* : -0,34 \u2264 Vm \u2264 86,99<\/td><td>0,10<\/td><\/tr><tr><td colspan=\"4\">Color\u00edmetros D\/0\u00b0,<br>Espectrofot\u00f3metros D\/8\u00b0<br>Observador 2\u00b0 y 10\u00b0 CEI y CEE,<br>iluminante D50, D65 A y C<\/td><\/tr><tr><td>Colorimetr\u00eda<\/td><td>CIE L* : 49,54 \u2264 Vm \u2264 95,95<\/td><td>0,26<\/td><td rowspan=\"3\">Gu\u00eda T\u00e9cnica de Trazabilidad e<br>Incertidumbre en los servicios de<br>Calibraci\u00f3n de Espectrocolorimetros<br>y Color\u00edmetros<br>CENAM Junio 2014<\/td><\/tr><tr><td>Colorimetr\u00eda<\/td><td>CIE a* : -34,89 \u2264 Vm \u2264 0,40<\/td><td>0,16<\/td><\/tr><tr><td>Colorimetr\u00eda<\/td><td>CIE b* : 2,36 \u2264 Vm \u2264 17,06<\/td><td>0,11<\/td><\/tr><tr><td colspan=\"4\">Espectrofot\u00f3metros,<br>densit\u00f3metros y<br>espectrodensit\u00f3metros para<br>medici\u00f3n de densidad de color en<br>geometr\u00eda 45\/0\u00b0, observador 2\u00b0 y<br>10\u00b0, iluminante D65, D50, A y C<\/td><\/tr><tr><td>Colorimetr\u00eda<\/td><td>CIE L*: 46,4 \u2264 Vm \u2264 94,4<\/td><td>0,42<\/td><td rowspan=\"3\">Gu\u00eda T\u00e9cnica de Trazabilidad e<br>Incertidumbre en los servicios de<br>Calibraci\u00f3n de Espectrocolorimetros<br>y Color\u00edmetros<br>CENAM Junio 2014<\/td><\/tr><tr><td>Colorimetr\u00eda<\/td><td>CIE a*: -26,9 \u2264 Vm \u2264 45,9<\/td><td>0,14<\/td><\/tr><tr><td>Colorimetr\u00eda<\/td><td>CIE b*: -39,5 \u2264 Vm \u2264 73,2<\/td><td>0,14<\/td><\/tr><tr><td colspan=\"4\">densit\u00f3metros y espectrodensit\u00f3metros<\/td><\/tr><tr><td>Colorimetr\u00eda<\/td><td>B,C,M,Y: 1,08 \u2264 Vm \u2264 1,72<\/td><td>0,02<\/td><td>ASTM D7305-08a (2020) Reflection Density of Printed Matter<\/td><\/tr><tr><td colspan=\"4\">Color\u00edmetros D\/0\u00b0,<br>Espectrofot\u00f3metros D\/8\u00b0<br>Observador 10\u00b0 CEI,<br>iluminante D65<\/td><\/tr><tr><td>Colorimetr\u00eda<\/td><td>CIE L* : 35,38 \u2264 Vm \u2264 44,11<\/td><td>0,20<\/td><td rowspan=\"3\">Gu\u00eda T\u00e9cnica de Trazabilidad e<br>Incertidumbre en los servicios de<br>Calibraci\u00f3n de Espectrocolorimetros<br>y Color\u00edmetros<br>CENAM Junio 2014<\/td><\/tr><tr><td>Colorimetr\u00eda<\/td><td>CIE a* : -0,56 \u2264 Vm \u2264 39,20<\/td><td>0,10<\/td><\/tr><tr><td>Colorimetr\u00eda<\/td><td>CIE b* : 0,66 \u2264 Vm \u2264 19,84<\/td><td>0,10<\/td><\/tr><\/tbody><\/table><\/figure>\n<\/div>\n","protected":false},"excerpt":{"rendered":"<p>Colorimetr\u00eda Espectrofot\u00f3metro para lamedici\u00f3n de luz visible, engeometr\u00eda D\/8\u00b0, con componenteespecular incluido y componenteespecular excluido Colorimetr\u00eda 400 nm 1,04 %\u03c1 (CEI, CEE) Gu\u00eda t\u00e9cnica de&hellip;<\/p>\n","protected":false},"author":1,"featured_media":1706,"parent":0,"menu_order":0,"comment_status":"closed","ping_status":"closed","template":"","meta":{"_themeisle_gutenberg_block_has_review":false,"footnotes":""},"class_list":["post-1712","page","type-page","status-publish","has-post-thumbnail","hentry"],"_links":{"self":[{"href":"https:\/\/metrilab.co\/home\/wp-json\/wp\/v2\/pages\/1712","targetHints":{"allow":["GET"]}}],"collection":[{"href":"https:\/\/metrilab.co\/home\/wp-json\/wp\/v2\/pages"}],"about":[{"href":"https:\/\/metrilab.co\/home\/wp-json\/wp\/v2\/types\/page"}],"author":[{"embeddable":true,"href":"https:\/\/metrilab.co\/home\/wp-json\/wp\/v2\/users\/1"}],"replies":[{"embeddable":true,"href":"https:\/\/metrilab.co\/home\/wp-json\/wp\/v2\/comments?post=1712"}],"version-history":[{"count":2,"href":"https:\/\/metrilab.co\/home\/wp-json\/wp\/v2\/pages\/1712\/revisions"}],"predecessor-version":[{"id":1715,"href":"https:\/\/metrilab.co\/home\/wp-json\/wp\/v2\/pages\/1712\/revisions\/1715"}],"wp:featuredmedia":[{"embeddable":true,"href":"https:\/\/metrilab.co\/home\/wp-json\/wp\/v2\/media\/1706"}],"wp:attachment":[{"href":"https:\/\/metrilab.co\/home\/wp-json\/wp\/v2\/media?parent=1712"}],"curies":[{"name":"wp","href":"https:\/\/api.w.org\/{rel}","templated":true}]}}